c(p) = 2*p**2 + p - 7. Let s(a) = 3*c(a) - 2*g(a). Give s(-3).
18
Let x(z) = z**2 - 6*z - 22. Let i(b) = 31*b - 145. Let j be i(5). Calculate x(j).
18
Let x(o) be the third derivative of -o**5/20 + o**4/12 + o**3/6 + 14*o**2 + 2*o. Calculate x(-2).
-15
Suppose -r = 4*f - 64, -2*r - 7 = 4*f - 71. Let o(t) = 15 + 7*t - 2*t - f. Give o(-1).
-6
Let h(k) = -2*k**3 + 2*k**2 + 2*k - 8. Let o(i) = 2*i**3 - 2*i**2 - 2*i + 7. Let m(r) = -4*h(r) - 5*o(r). Let p = -1525 - -1527. Give m(p).
-7
Let d(p) = p + 2. Suppose -16 = -5*y - 6. Let o be d(y). Let c(a) = 2*a + a**2 - 1 + 4*a - o*a + a**2. Give c(1).
3
Let o(m) = -2*m + 4. Suppose p = -2*q + 3 + 3, 5*q - 16 = -3*p. Suppose -2 + 8 = q*v. Give o(v).
-2
Let x(c) = c - 1. Let h be x(9). Let v(w) = 6*w - 6. Let g(m) = -17*m + 20. Let l(u) = -3*g(u) - 8*v(u). Calculate l(h).
12
Let b(w) = 6*w**2 - 44*w - 5. Let h(d) = -2*d**2 + 15*d + 2. Let q(i) = 6*b(i) + 17*h(i). Determine q(5).
9
Let i be ((-84)/35)/(9/(-30)). Suppose 0 = -0*u - 4*u + i. Suppose 5*z - n + 1 = 4*z, 4*z + u = 2*n. Let t(d) = d - 5. Calculate t(z).
-5
Let j(s) = -2*s + 3. Let l(h) = -7*h + 15. Let o(n) = -5*j(n) + l(n). Give o(2).
6
Let b(z) = -31*z + 4. Let q(k) = 30*k - 5. Let x(f) = -3*b(f) - 2*q(f). What is x(-1)?
-35
Let m(f) = -f**2 + 13*f - 11. Suppose 23*g - 213 = 40. Calculate m(g).
11
Suppose 0 = -5*p - 57 - 48. Let z(h) = 7*h + 4. Let w be z(2). Let a = p + w. Let s(d) = 3*d - 4. Calculate s(a).
-13
Let j(u) be the third derivative of -u**6/360 - u**5/40 - u**4/6 + u**3/6 - 3*u**2. Let l(y) be the first derivative of j(y). Calculate l(-5).
-14
Let y be 2/(-3)*(-3)/2. Let t(g) = g + 85 - 257 + 87 + 85. Calculate t(y).
1
Let w be (-36)/100*5*(-20)/(-6). Let o(l) = -l + 13. What is o(w)?
19
Let u(q) be the first derivative of q**4/4 - 2*q**3/3 - 3*q**2/2 - 3*q + 184. Give u(4).
17
Let x = 44 - 43. Let y(i) be the second derivative of -5*i**4/4 + i**2/2 + 10*i. Give y(x).
-14
Let h(b) = -12*b + 5 + 10*b + 7*b + b**2 - b**3. Let d be h(3). Let k(r) = -4*r**2 + r + 1. Calculate k(d).
-13
Let n(t) = -4*t**3 - 2*t**2 + t - 5. Let k be n(-3). Let d(r) = -k - r + 43 + 43. Determine d(5).
-1
Let u(n) = n**3 + 4*n**2 - 5*n + 1. Let g(i) = -i**3 - 4*i**2 + 5*i - 2. Suppose -48*a - 16 = -44*a. Let x(j) = a*g(j) - 3*u(j). Let m = 11 - 16. What is x(m)?
5
Let q(v) = -v**2. Let n(w) = 2*w**2 + 7*w + 7. Let r(c) = n(c) + 3*q(c). Let z be (-12)/(-5)*(-35)/(-42)*4. Determine r(z).
-1
Suppose 5*c = -12 - 8. Let t(x) = -x + 1. Let r(j) = -j**2 + 5*j - 7. Let m(f) = -r(f) - 5*t(f). Let d(s) be the first derivative of m(s). Give d(c).
-8
Let g(d) be the first derivative of 2*d**2 - 32*d + 679. What is g(10)?
8
Suppose -2*q = -2*n - 16, 2*n - 5 = -4*q + 3. Let u(x) be the second derivative of 0 + 1/3*x**3 - 1/2*x**2 - 18*x. What is u(n)?
-9
Let s(p) = p**3 + 3*p**2 + 2*p. Let y(t) = t. Let h(b) = s(b) - 3*y(b). Suppose -3*r - 11 = -2*w - 6, 2*w + 19 = -5*r. Give h(r).
3
Let r(k) = -15*k + 60. Let s be r(4). Let o(z) = z**2 - z - 16. Calculate o(s).
-16
Let q(w) = 2*w - 13*w**3 - 2*w**2 - 1 + 6*w**3 + 8*w**3 - 4*w**2 + 0*w. Calculate q(4).
-25
Let p = 1847 - 1843. Let t(j) = -6*j**3 + 9*j**2 + 5*j - 5. Let v(g) = 7*g**3 - 10*g**2 - 6*g + 6. Let r = 6 + -11. Let b(w) = r*v(w) - 6*t(w). Give b(p).
0
Let q(x) = 5*x - 2. Let u = -83 + 77. Let r(v) = 9*v - 5. Let g(m) = u*r(m) + 11*q(m). Determine g(-7).
1
Let u(q) = q**3 - q + 10. Let z = 35 + 5. Let c = 40 - z. What is u(c)?
10
Let x(g) = -2*g**3 + 13*g**2 - 4*g - 2. Let s(f) = -f**3 + 11*f**2 - 2*f - 2. Let n(a) = -3*s(a) + 2*x(a). What is n(-3)?
-28
Suppose -2*v = -1 - 5. Suppose 5*b + 66 = -5*j - 19, -4*j - 50 = v*b. Let i = b + 12. Let z(m) = m + 8. What is z(i)?
2
Let x = 11 + 0. Let f(d) = -15 + 21296*d + 21295*d - 42601*d + d**2. Calculate f(x).
-4
Let n(f) = f**3 + f**2 + f - 1. Let u be 3 - (-3 + 54)/(-3). Let p = u + -13. Let o = p - 9. Give n(o).
-7
Let s(z) = -6*z + 5. Let a(x) = x - 2. Let o(y) = 7*a(y) + 2*s(y). What is o(7)?
-39
Let b(k) be the first derivative of 6*k - 8 - 3/2*k**2. Calculate b(4).
-6
Let c(a) = -a**2 + 9*a - 1. Let v(z) = -5*z**2 + 46*z - 5. Let h(w) = -3*c(w) + v(w). Calculate h(9).
7
Let c(h) = -h**2 + 14*h - 15. Let b(i) = -i**2 + 25*i - 143. Let z be b(13). What is c(z)?
-2
Let o(f) = -4 + 18 - 3 - 7 - 6 - 2*f. Let c = -1 - -1. Suppose c = -d + 3*d + 8. Give o(d).
6
Let k(g) = -1 - 8*g**3 + g**2 - 3*g + 2*g**3 + 7*g**3. Suppose 4*m + 1 + 23 = -4*c, 2*m = 4*c + 12. What is k(m)?
1
Let r(o) be the third derivative of 0 + 1/6*o**4 + 8*o**2 + 0*o + 1/120*o**6 + 1/12*o**5 - 1/6*o**3. What is r(-4)?
-1
Let g be ((-15)/(1 + 4))/(2/(-16)). Let u = -20 + g. Let x(i) = i**3 - 5*i**2 + 7*i - 5. What is x(u)?
7
Let c(b) = -2*b**2 - 55*b - 5 - 1 + 47*b. What is c(-5)?
-16
Let n be (-7)/(-3) + (-3)/9. Let z(o) = 5*o**n + 7 + o**3 - 551*o + 551*o. What is z(-5)?
7
Let n(w) = -w**2 + 7*w + 8. Let j(t) = -t**2 + 7*t + 7. Let k(h) = -4*j(h) + 5*n(h). Calculate k(7).
12
Let i(r) be the third derivative of r**6/120 - r**5/20 - r**4/12 - 2*r**2. Let q(f) = 2*f**2 + 19*f - 43. Let y be q(2). Determine i(y).
-6
Let d be (1/3)/((-22)/(-66)). Let t(r) = -8*r**3 + r - 1. Calculate t(d).
-8
Let m(p) = -5*p**2 + 2*p - 2. Let n(z) = 4*z**2 - 2*z + 2. Let q(t) = 5*m(t) + 6*n(t). Let g be (-2)/(-7) + (-2576)/784. Calculate q(g).
-1
Let i(g) = -30 + 12 + 19 + g - 13*g**3. Determine i(-1).
13
Let j(k) = -7*k**3 - 2*k**2 - k. Suppose -24 = -2*u - 4*n, 3*u = -u + 4*n. Suppose -5*x + 4*w + 33 = 6*w, -5*w = -u*x. Suppose 3*m - 2 = -x. Calculate j(m).
6
Let l(w) be the first derivative of -w**5/60 - w**4/12 - w**3/6 - 15*w**2/2 - 3. Let t(k) be the second derivative of l(k). Let y = 4 - 2. Determine t(y).
-9
Let l(s) be the third derivative of -5/24*s**4 + 0*s + 0 + 1/20*s**5 + 1/2*s**3 + 19*s**2. Let q be (2 + (-7)/2)*-2. Determine l(q).
15
Let o(h) = -3*h + 8. Let l(z) = 3*z - 7. Let v(c) = -7*l(c) - 6*o(c). Let u(k) = -8*k**2 + 63*k + 15. Let m be u(8). Determine v(m).
-20
Let r(x) = 2*x**2 - x + 1. Let a(q) = -31*q**2 + 7*q - 6. Let g(z) = -a(z) - 6*r(z). Calculate g(1).
18
Let k(q) be the third derivative of -q**5/60 - q**4/8 - q**3/6 + 6*q**2. Let n(f) = -f**2 - 3*f - 1. Let h(t) = -6*k(t) + 7*n(t). Give h(-3).
-1
Let o(u) = 5*u**2 + 11*u + 3. Let q(h) = 15*h**2 + 33*h + 10. Let k(p) = 8*o(p) - 3*q(p). Let n(r) = r**2 + r + 1. Let f(m) = -k(m) - 4*n(m). Give f(-5).
-8
Suppose -2*o - 5 = 3*f, 21 + 24 = 5*o - 4*f. Suppose 0 = -o*g + 16 - 6. Let u(j) be the second derivative of j**5/20 - j**4/4 - j**3/3 + j**2 + j. Give u(g).
-6
Let h(i) be the second derivative of i**5/20 - i**4 + i**3/3 + 7*i**2 - 795*i. Calculate h(11).
-85
Suppose 0 = 5*b - 2*l - 10, -5*b = 5*l + 12 + 13. Let i(y) = 2*y**3 + 1181*y - 2 + b - 1183*y + 4*y**2. Calculate i(-3).
-14
Let h(k) = 3*k**3 - 9*k**2 - 10*k + 8. Let j(r) = 10*r**2 + 3*r**2 + 15*r - 5*r**3 - 11 - 1. Let b(l) = -8*h(l) - 5*j(l). Calculate b(-6).
2
Let y(g) = g**3 - g**2 - g + 2. Let x = 2 + 3. Let d = 6 - 1. Let m = x - d. What is y(m)?
2
Let x be 0 + 1 - (1 + -2). Let a(i) = -3*i**x + 6*i + 2*i**2 + 4*i + 4 - 6*i. Let t(k) = -k**2 + 5*k + 6. Let p be t(5). Calculate a(p).
-8
Let h(r) be the third derivative of -r**4/12 - 5*r**3/6 + r**2. Let a be -2*17/4 + (-25)/(-10). Give h(a).
7
Suppose 0 = 4*h + 2 + 42. Let o(t) = t**3 + 12*t**2 + 10*t - 11. What is o(h)?
0
Let a(s) be the third derivative of -s**6/180 + s**5/40 - 5*s**4/24 + 9*s**2. Let o(j) be the second derivative of a(j). Calculate o(2).
-5
Let g(f) = -6*f - 11. Let n(a) = 2*a + 3. Let c(t) = 2*g(t) + 9*n(t). What is c(-4)?
-19
Let c(q) = q**3 + 9*q**2 + 16*q + 13. Suppose -152 = 48*k + 184. Give c(k).
-1
Let c(f) be the second derivative of 7*f + 0 - 1/2*f**2 + 0*f**3 + 4/5*f**5 + 0*f**4. Give c(1).
15
Let s(f) = f - 2. Let g(i) = -i + 1. Let a(b) = 2*g(b) + 3*s(b). Let x be (1*-9)/(-3) + 3. Let k(y) = -y + 4. Let c(l) = x*k(l) + 5*a(l). Give c(3).
1
Suppose -4*v - 13 = -3*u, -3*u - 25 = 5*v + 2*u. Let y(g) = 7*g - 4*g - 5*g + 2 - g**2. Give y(v).
-6
Let g(z) be the first derivative of z**4/4 + 2*z**3 - 9*z**2/2 + 8*z - 45. What is g(-7)?
22
Let j(l) = -l**3 - 6*l**2 + 13*l + 56. Let n be j(-7). Let v(k) = 2*k**2 - 30*k + 29. What is v(n)?
1
Let f(a) = -11*a + 4*a**2 + 11 - 4*a**2 + 6*a**2 - 8*a**2.